y (-12)/(-42) + 9*6/l.
7
Let y = -237 - -400. Let f(z) = 2*z**2 + 14*z + 19. Let b be f(-4). What is the remainder when y is divided by 35 - (-13 + 2 - b)?
40
Suppose 5*c - 18 = -4*y, -5*c - 63 + 25 = -4*y. Calculate the remainder when 2278 is divided by y.
3
Let w = 1850 - 1692. Calculate the remainder when w is divided by 6/(3/1)*8.
14
Suppose 0 = -3*p + 6*p + 15, -3*u - 4*p + 406 = 0. Calculate the remainder when 2552 is divided by u.
138
Let h = -13719 + 15647. Calculate the remainder when h is divided by 28.
24
Suppose -38*j + 30 = -35*j. Suppose 13*i - 180 = j*i. What is the remainder when i is divided by 22?
16
Calculate the remainder when (-42)/12*(-786 + 28) is divided by 83.
80
Let h = -611 - -762. Calculate the remainder when 550 is divided by h.
97
Let l(b) = b**2 + b - 5. Let p be l(3). Let r(z) = 2*z**2 - 12*z + 6 + 17*z - 9*z**2 + z**3. Calculate the remainder when 202 is divided by r(p).
38
What is the remainder when (-1039833)/(-930) - (-3)/(-30) is divided by 20?
18
Calculate the remainder when 28324128/3312 + 4/138 is divided by 124.
120
Suppose -550 = 272*u - 136*u - 147*u. Calculate the remainder when 228 is divided by u.
28
Let v = 4617 + -4564. What is the remainder when 109 is divided by v?
3
Suppose -6070*q + 2856 = -6049*q. What is the remainder when 566 is divided by q?
22
Let j be (-1048)/(-393)*(-1 + 5/2). Suppose 3*c = -3*m + 4*m - 69, j*m = -4*c + 260. What is the remainder when m is divided by 34?
32
Suppose n + 216 + 313 = 5*g, -111 = -g - 5*n. What is the remainder when 299 is divided by g?
87
Suppose -5*l = -2*l + 39. Let f = l - -23. Suppose 0 = t - 2*m - 14, -14 = -14*t + 9*t - 4*m. What is the remainder when f is divided by t?
4
Let i be (-9 - -10)/((-4)/(-204)). Suppose 4*d = 41 + i. What is the remainder when 228 is divided by d?
21
Suppose -1868 = -21*n + 2752. What is the remainder when n is divided by 42?
10
Suppose 868 = 10*c + 4*c. Let d = 228 + -195. Calculate the remainder when c is divided by d.
29
Let h be (2 + -8)/((105/10)/(-7)). Suppose 33 = -h*p - 15. Let r = p + 21. What is the remainder when 15 is divided by r?
6
Suppose 3*k = 144 + 39. Let d = -281 + 93. Let i = d + 220. What is the remainder when k is divided by i?
29
Suppose 4*k = 40 + 24. Suppose -7*a + k*a - 1143 = 0. Let w = -115 + a. What is the remainder when 21 is divided by w?
9
Suppose -2*s + 45 = 3*s. Suppose -17 - 28 = -s*f. Suppose -f*v + 139 = 3*g - 77, 0 = v - 3. What is the remainder when g is divided by 10?
7
Let z be (-5)/(255/6) + 28904/34. Let v = z + -842. What is the remainder when v is divided by (-1)/(-3) - 11/(-3)?
0
Let r(g) = 3*g - 18. Let x be r(8). Let c(v) = -v**2 + 9*v. Calculate the remainder when -16 + 0 - -61 - (-18)/3 is divided by c(x).
15
Let z = -16603 + 16631. What is the remainder when 13185 is divided by z?
25
Let p(d) = 15*d**3 - 14*d**2 + 35*d + 6. Calculate the remainder when p(3) is divided by 11.
5
Let f = 19649 - 15739. What is the remainder when f is divided by 187?
170
Let d(k) = -287*k**3 - 5*k**2 + 11*k + 25. What is the remainder when d(-2) is divided by 95?
94
Suppose 81*v + 153*v = 16848. Suppose 0 = -i + 4*n + 85 + 77, -3*n = 4*i - 553. Calculate the remainder when i is divided by v.
70
Let v(d) = d**3 + 8*d**2 + 3*d + 31. Let o be v(-8). Let t be (o - 1)/(9/6). Let q(y) = 2*y**2 + 5*y - 6. What is the remainder when q(t) is divided by 12?
10
Let n = 579 + -577. Calculate the remainder when 130 is divided by (3168/(-120))/(n/(-5)).
64
Let h(q) = -17*q + 173. Let s be h(-25). Let j = s + -562. Calculate the remainder when j is divided by 10.
6
Suppose -16*x + 8850 = 1522. What is the remainder when x is divided by 138?
44
Suppose 3*n + 2*i - 2656 = 0, -64*n - 2*i + 892 = -63*n. Calculate the remainder when n is divided by 62.
14
What is the remainder when 2241 is divided by (1363/(-145) - -23)/((-1)/(-5))?
65
Suppose -4*r - 35 = -3*k, r + 17 = k - 3*r. Suppose -3*j = -21, 80 = 4*w + 134*j - 130*j. What is the remainder when w is divided by k?
4
Suppose -2*u - 610 = -4*c, -12*u = -7*u + 5. Let k = c - 112. Calculate the remainder when k is divided by 21.
19
Let t(n) = 2*n**3 - 5*n**2 - 6*n + 3. Let f be t(3). Let p(l) = l**2 - 20*l - 82. What is the remainder when p(f) is divided by 41?
33
Let x = -17 - -51. Suppose 0 = 3*r + 18 + 3, 7*i + 2*r - 3283 = -2*r. What is the remainder when i is divided by x?
31
Suppose -5*x + 1730 - 605 = 0. What is the remainder when 695 is divided by x?
20
Let j(x) = 7*x + 14*x + 9 - 19*x. Suppose 1 = a, -2*t = 3*a - a - 16. Calculate the remainder when j(12) is divided by t.
5
Let u = -19 + 42. Calculate the remainder when 13/((-65)/(-1810)) + 10/2 is divided by u.
22
Suppose 23*g - 123 = -21 + 59. Let d = 26 - -5. What is the remainder when d is divided by g?
3
Suppose u + 0 = 3*h + 4, 2*h + 56 = 4*u. What is the remainder when 1150 is divided by u?
14
Let l(v) = 2*v + 58. Let r be 2/14 - (-1240)/(-56). Calculate the remainder when 110 is divided by l(r).
12
Let l = 513 - -273. Calculate the remainder when l is divided by 193.
14
Let a = -634 + 240. Let d = a + 424. Calculate the remainder when d is divided by 12.
6
Suppose 0 = -y + 12 + 4. What is the remainder when 66 is divided by (0 - (y + -2))*(-50)/35?
6
Let m(h) = -h**2 + 3*h + 2. Let b be m(3). Let l(x) = -9*x + 2 + 5 + 2 + b*x. What is the remainder when l(-7) is divided by 12?
10
Let d = -9 + 12. Suppose -d*p + 129 = o, 5*p = 2*o + 2*o + 215. Let y = 637 + -632. Calculate the remainder when p is divided by y.
3
Let d be 3*(10 + -4 + -5). Suppose -39*h + 62 = 5*m - 35*h, d*m + 4*h = 42. What is the remainder when 25 is divided by m?
5
Let r = -66 - -211. Suppose -4*d = 4*f - 336, -3*d = -3*f - 879 + 669. Calculate the remainder when r is divided by d.
68
Suppose -2*j = 4*z - 98, -27 = -2*z + 4*j + 47. Let m(l) = 1192*l + 209802. Calculate the remainder when z is divided by m(-176).
7
Let g = 64 + -52. Let z be 2/10 - 729/(-5). Let j = -101 + z. Calculate the remainder when j is divided by g.
9
Let g = 488 + -493. Suppose 3*v - 101 + 8 = 0. Calculate the remainder when v is divided by (36/10)/(g/(-100)*6).
7
Let f = 764 + -709. Suppose -124 = -23*j - f. Calculate the remainder when 317 is divided by j.
2
Suppose 3*l = -2*f, 5*f + 3*l + 2*l = 5. Suppose -w - 54 + 12 = -3*t, -t = f*w + 86. Calculate the remainder when 5/w - (-219)/18 is divided by 3.
0
Suppose -41*r + 3079 = -7581. Suppose -22*w + 18*w + r = 0. Calculate the remainder when 647 is divided by w.
62
Suppose -1578 = -38*x + 1234. Suppose 3*t + 4*m - 80 = 0, 9 = 2*t - 4*m - 11. What is the remainder when x is divided by t?
14
Let b = 35528 + -35519. Suppose -4*w + 0*w + 20 = 0. Suppose -24 - 46 = -w*d. What is the remainder when d is divided by b?
5
Let o = 26 - 26. Suppose -5*r - 4*i + 106 = o, i + 82 = 5*r - i. Calculate the remainder when 2 + (1 - (-31 + 1)) is divided by r.
15
Let d(l) = -l**2 + 32*l - 119. Suppose -5*r + 103 = -2*t, -3*r + 13 + 52 = 2*t. Calculate the remainder when d(r) is divided by 19.
17
Let k = 85 - 64. Suppose -2*p + j + k = 3*p, j = -3*p + 11. Suppose -p*z + 3*y + 2*y = -471, 3*y + 465 = 4*z. Calculate the remainder when z is divided by 13.
10
Suppose 0 = -0*l + 276*l - 4010 - 3718. Calculate the remainder when 424 is divided by l.
4
Let s be ((-12520)/(-36))/5 + 8/18. Suppose -6*l + 11*l = s. Calculate the remainder when l is divided by 5.
4
Suppose -3*m + 5*m = 5*i + 22, 4*i = -2*m + 58. Suppose -927 + 3002 = 25*o. What is the remainder when o is divided by m?
20
Suppose 2*c + 3*t + 741 = 0, 2*c + 3*t + 765 = 8*t. Let d = -278 - c. Calculate the remainder when 677 is divided by d.
95
Let c = -9 + 18. Suppose -5*t + 22 = 5*k + 87, -t + 59 = -5*k. Let s = -10 - k. What is the remainder when c is divided by s?
1
Let z = 6035 + -5958. Calculate the remainder when 1301 is divided by z.
69
Suppose 4*a - 8 = 0, 0 = -0*s + 2*s - 2*a - 2. Suppose -5*k + 5 = -55. Suppose -k*m - 44 + 308 = 0. Calculate the remainder when m is divided by s.
1
Suppose -3*l - l + 5*y = -25, -5*y = 5*l + 25. Suppose 0 = 30*v - 101 - 19. Suppose l = -v*g + 74 + 6. Calculate the remainder when 57 is divided by g.
17
Let m = -122 - -122. Calculate the remainder when -23 + 23 + -2 + m + 251 is divided by 63.
60
Let b(g) = -7*g**2 - 116*